{"id":62,"date":"2024-02-24T14:29:11","date_gmt":"2024-02-24T13:29:11","guid":{"rendered":"https:\/\/sp-czermno.edu.pl\/?page_id=62"},"modified":"2024-10-07T12:40:20","modified_gmt":"2024-10-07T10:40:20","slug":"samorzad-uczniowski","status":"publish","type":"page","link":"http:\/\/sp-czermno.edu.pl\/?page_id=62","title":{"rendered":"Samorz\u0105d Uczniowski"},"content":{"rendered":"\n<p>Dzia\u0142alno\u015b\u0107 Samorz\u0105du Uczniowskiego polega na aktywnym udziale uczni\u00f3w w \u017cyciu szko\u0142y i pracy na rzecz spo\u0142eczno\u015bci uczniowskiej Szko\u0142y Podstawowej im. W\u0142adys\u0142awa Stanis\u0142awa Reymonta w Czermnie.<\/p>\n\n\n\n<p>Zarz\u0105d SU zosta\u0142 wy\u0142oniony w wyniku demokratycznych wybor\u00f3w.<\/p>\n\n\n\n<p>Zarz\u0105d Samorz\u0105du Uczniowskiego tworz\u0105:<\/p>\n\n\n\n<ul class=\"wp-block-list\">\n<li>Przewodnicz\u0105cy \u2013 Zaj\u0105c Oliwia<\/li>\n\n\n\n<li>Zast\u0119pca \u2013 Marcinkowska Magdalena<\/li>\n\n\n\n<li>Bedyk Julia<\/li>\n\n\n\n<li>Herba Zofia<\/li>\n\n\n\n<li>Leonarcik Laura<\/li>\n\n\n\n<li>Go\u015bciniak Agnieszka<\/li>\n\n\n\n<li>Jasi\u0144ska Lena<\/li>\n\n\n\n<li>Kaczmarek Wiktoria<\/li>\n<\/ul>\n\n\n\n<p>Przewodnicz\u0105cy i opiekun SU \u015bci\u015ble wsp\u00f3\u0142pracuj\u0105 z dyrekcj\u0105 szko\u0142y, ustalaj\u0105c i podejmuj\u0105c wsp\u00f3lne dzia\u0142ania.<\/p>\n\n\n\n<p>Podj\u0119te dzia\u0142ania:<\/p>\n\n\n\n<ul class=\"wp-block-list\">\n<li>Dzie\u0144 Ch\u0142opaka- uroczysty apel, przygotowanie \u017cycze\u0144 dla ch\u0142opc\u00f3w<\/li>\n\n\n\n<li>Zagospodarowanie tablicy Samorz\u0105du Uczniowskiego<\/li>\n\n\n\n<li>Obchody Dnia Edukacji Narodowej<\/li>\n\n\n\n<li>Konkurs na naj\u0142adniejsz\u0105 dyni\u0119<\/li>\n\n\n\n<li>Dzie\u0144 Pi\u017camy ( we wsp\u00f3\u0142pracy z Klubem Wiewi\u00f3rka)<\/li>\n\n\n\n<li>Dzie\u0144 Postaci z Bajek<\/li>\n\n\n\n<li>Dzie\u0144 Tolerancji i \u017byczliwo\u015bci<\/li>\n\n\n\n<li>Andrzejki<\/li>\n\n\n\n<li>Miko\u0142ajki<\/li>\n\n\n\n<li>Konkurs na ozdob\u0119 \u015bwi\u0105teczn\u0105 (kiermasz)<\/li>\n\n\n\n<li>Bal karnawa\u0142owy<\/li>\n<\/ul>\n\n\n\n<p>Samorz\u0105d Uczniowski \u015bci\u015ble wsp\u00f3\u0142pracuje z grup\u0105 wolontariatu dzia\u0142aj\u0105c\u0105 w naszej szkole.<\/p>\n","protected":false},"excerpt":{"rendered":"<p>Dzia\u0142alno\u015b\u0107 Samorz\u0105du Uczniowskiego polega na aktywnym udziale uczni\u00f3w w \u017cyciu szko\u0142y i pracy na rzecz spo\u0142eczno\u015bci uczniowskiej Szko\u0142y Podstawowej im. W\u0142adys\u0142awa Stanis\u0142awa Reymonta w Czermnie. Zarz\u0105d SU zosta\u0142 wy\u0142oniony w wyniku demokratycznych wybor\u00f3w. Zarz\u0105d Samorz\u0105du Uczniowskiego tworz\u0105: Przewodnicz\u0105cy i opiekun &hellip; <\/p>\n","protected":false},"author":1,"featured_media":0,"parent":21,"menu_order":3,"comment_status":"closed","ping_status":"closed","template":"","meta":{"footnotes":""},"class_list":["post-62","page","type-page","status-publish","hentry"],"_links":{"self":[{"href":"http:\/\/sp-czermno.edu.pl\/index.php?rest_route=\/wp\/v2\/pages\/62","targetHints":{"allow":["GET"]}}],"collection":[{"href":"http:\/\/sp-czermno.edu.pl\/index.php?rest_route=\/wp\/v2\/pages"}],"about":[{"href":"http:\/\/sp-czermno.edu.pl\/index.php?rest_route=\/wp\/v2\/types\/page"}],"author":[{"embeddable":true,"href":"http:\/\/sp-czermno.edu.pl\/index.php?rest_route=\/wp\/v2\/users\/1"}],"replies":[{"embeddable":true,"href":"http:\/\/sp-czermno.edu.pl\/index.php?rest_route=%2Fwp%2Fv2%2Fcomments&post=62"}],"version-history":[{"count":3,"href":"http:\/\/sp-czermno.edu.pl\/index.php?rest_route=\/wp\/v2\/pages\/62\/revisions"}],"predecessor-version":[{"id":382,"href":"http:\/\/sp-czermno.edu.pl\/index.php?rest_route=\/wp\/v2\/pages\/62\/revisions\/382"}],"up":[{"embeddable":true,"href":"http:\/\/sp-czermno.edu.pl\/index.php?rest_route=\/wp\/v2\/pages\/21"}],"wp:attachment":[{"href":"http:\/\/sp-czermno.edu.pl\/index.php?rest_route=%2Fwp%2Fv2%2Fmedia&parent=62"}],"curies":[{"name":"wp","href":"https:\/\/api.w.org\/{rel}","templated":true}]}}

Samorząd Uczniowski

<p>Działalność Samorządu Uczniowskiego polega na aktywnym udziale uczniów w życiu szkoły i pracy na rzecz społeczności uczniowskiej Szkoły Podstawowej im. Władysława Stanisława Reymonta w Czermnie.</p>



<p>Zarząd SU został wyłoniony w wyniku demokratycznych wyborów.</p>



<p>Zarząd Samorządu Uczniowskiego tworzą:</p>



<ul class="wp-block-list">
<li>Przewodniczący – Zając Oliwia</li>



<li>Zastępca – Marcinkowska Magdalena</li>



<li>Bedyk Julia</li>



<li>Herba Zofia</li>



<li>Leonarcik Laura</li>



<li>Gościniak Agnieszka</li>



<li>Jasińska Lena</li>



<li>Kaczmarek Wiktoria</li>
</ul>



<p>Przewodniczący i opiekun SU ściśle współpracują z dyrekcją szkoły, ustalając i podejmując wspólne działania.</p>



<p>Podjęte działania:</p>



<ul class="wp-block-list">
<li>Dzień Chłopaka- uroczysty apel, przygotowanie życzeń dla chłopców</li>



<li>Zagospodarowanie tablicy Samorządu Uczniowskiego</li>



<li>Obchody Dnia Edukacji Narodowej</li>



<li>Konkurs na najładniejszą dynię</li>



<li>Dzień Piżamy ( we współpracy z Klubem Wiewiórka)</li>



<li>Dzień Postaci z Bajek</li>



<li>Dzień Tolerancji i Życzliwości</li>



<li>Andrzejki</li>



<li>Mikołajki</li>



<li>Konkurs na ozdobę świąteczną (kiermasz)</li>



<li>Bal karnawałowy</li>
</ul>



<p>Samorząd Uczniowski ściśle współpracuje z grupą wolontariatu działającą w naszej szkole.</p>

<p>Działalność Samorządu Uczniowskiego polega na aktywnym udziale uczniów w życiu szkoły i pracy na rzecz społeczności uczniowskiej Szkoły Podstawowej im. Władysława Stanisława Reymonta w Czermnie. Zarząd SU został wyłoniony w wyniku demokratycznych wyborów. Zarząd Samorządu Uczniowskiego tworzą: Przewodniczący i opiekun &hellip; </p>
